{"id":46034,"date":"2000-01-01T18:59:23","date_gmt":"2000-01-01T17:59:23","guid":{"rendered":"https:\/\/www.csi.gov.mg\/centredoc\/?post_type=product&#038;p=46034"},"modified":"2023-10-30T19:06:44","modified_gmt":"2023-10-30T18:06:44","slug":"lafrique-peut-elle-revendiquer-sa-place-dans-le-21eme-siecle","status":"publish","type":"product","link":"https:\/\/www.csi.gov.mg\/centredoc\/?product=lafrique-peut-elle-revendiquer-sa-place-dans-le-21eme-siecle","title":{"rendered":"L&#8217;Afrique peut-elle revendiquer sa place dans le 21\u00e8me si\u00e8cle ?"},"content":{"rendered":"","protected":false},"excerpt":{"rendered":"<p>L&#8217;accueil nettement favorable r\u00e9serv\u00e9 \u00e0 l&#8217;Afrique peut-elle revendiquer sa place dans le 21\u00e8me si\u00e8cle ?<\/p>\n<p><strong>Auteur :<\/strong> Banque Mondiale<\/p>\n","protected":false},"featured_media":45991,"template":"","meta":[],"product_brand":[153],"product_cat":[182,164,160],"product_tag":[],"class_list":{"0":"post-46034","1":"product","2":"type-product","3":"status-publish","4":"has-post-thumbnail","6":"product_brand-ouvrage","7":"product_cat-bonne-gouvernance","8":"product_cat-developpement","9":"product_cat-sciences-economiques","12":"first","13":"instock","14":"shipping-taxable","15":"product-type-simple"},"_links":{"self":[{"href":"https:\/\/www.csi.gov.mg\/centredoc\/index.php?rest_route=\/wp\/v2\/product\/46034","targetHints":{"allow":["GET"]}}],"collection":[{"href":"https:\/\/www.csi.gov.mg\/centredoc\/index.php?rest_route=\/wp\/v2\/product"}],"about":[{"href":"https:\/\/www.csi.gov.mg\/centredoc\/index.php?rest_route=\/wp\/v2\/types\/product"}],"wp:featuredmedia":[{"embeddable":true,"href":"https:\/\/www.csi.gov.mg\/centredoc\/index.php?rest_route=\/wp\/v2\/media\/45991"}],"wp:attachment":[{"href":"https:\/\/www.csi.gov.mg\/centredoc\/index.php?rest_route=%2Fwp%2Fv2%2Fmedia&parent=46034"}],"wp:term":[{"taxonomy":"product_brand","embeddable":true,"href":"https:\/\/www.csi.gov.mg\/centredoc\/index.php?rest_route=%2Fwp%2Fv2%2Fproduct_brand&post=46034"},{"taxonomy":"product_cat","embeddable":true,"href":"https:\/\/www.csi.gov.mg\/centredoc\/index.php?rest_route=%2Fwp%2Fv2%2Fproduct_cat&post=46034"},{"taxonomy":"product_tag","embeddable":true,"href":"https:\/\/www.csi.gov.mg\/centredoc\/index.php?rest_route=%2Fwp%2Fv2%2Fproduct_tag&post=46034"}],"curies":[{"name":"wp","href":"https:\/\/api.w.org\/{rel}","templated":true}]}}