{"id":46261,"date":"2012-01-01T09:54:27","date_gmt":"2012-01-01T08:54:27","guid":{"rendered":"https:\/\/www.csi.gov.mg\/centredoc\/?post_type=product&#038;p=46261"},"modified":"2023-11-27T18:46:46","modified_gmt":"2023-11-27T17:46:46","slug":"gouverner-aujourdhui","status":"publish","type":"product","link":"https:\/\/www.csi.gov.mg\/centredoc\/?product=gouverner-aujourdhui","title":{"rendered":"Gouverner aujourd&#8217;hui?"},"content":{"rendered":"","protected":false},"excerpt":{"rendered":"<p>Auteur: MONTBRIAL Thierry (de), MOREAU DEFARGES Philippe, Dunod<\/p>\n<p>Ramses 2013: Rapport annuel mondial sur le syst\u00e8me<br \/>\n\u00e9conomique et les strat\u00e9gies<\/p>\n<p>La rapport annuel sur le syst\u00e8me \u00e9conomique et les strat\u00e9gies(RAMSES) constitue une analyse approfondie et prospective de l&#8217;actualit\u00e9<\/p>\n<p>Cote: SS.E M 011<\/p>\n","protected":false},"featured_media":46194,"template":"","meta":[],"product_brand":[154],"product_cat":[170,168,148,160,197],"product_tag":[],"class_list":{"0":"post-46261","1":"product","2":"type-product","3":"status-publish","4":"has-post-thumbnail","6":"product_brand-rapport","7":"product_cat-economie","8":"product_cat-environnement","9":"product_cat-gouvernance-economique","10":"product_cat-sciences-economiques","11":"product_cat-suivi-evaluation","14":"first","15":"instock","16":"shipping-taxable","17":"product-type-simple"},"_links":{"self":[{"href":"https:\/\/www.csi.gov.mg\/centredoc\/index.php?rest_route=\/wp\/v2\/product\/46261","targetHints":{"allow":["GET"]}}],"collection":[{"href":"https:\/\/www.csi.gov.mg\/centredoc\/index.php?rest_route=\/wp\/v2\/product"}],"about":[{"href":"https:\/\/www.csi.gov.mg\/centredoc\/index.php?rest_route=\/wp\/v2\/types\/product"}],"wp:featuredmedia":[{"embeddable":true,"href":"https:\/\/www.csi.gov.mg\/centredoc\/index.php?rest_route=\/wp\/v2\/media\/46194"}],"wp:attachment":[{"href":"https:\/\/www.csi.gov.mg\/centredoc\/index.php?rest_route=%2Fwp%2Fv2%2Fmedia&parent=46261"}],"wp:term":[{"taxonomy":"product_brand","embeddable":true,"href":"https:\/\/www.csi.gov.mg\/centredoc\/index.php?rest_route=%2Fwp%2Fv2%2Fproduct_brand&post=46261"},{"taxonomy":"product_cat","embeddable":true,"href":"https:\/\/www.csi.gov.mg\/centredoc\/index.php?rest_route=%2Fwp%2Fv2%2Fproduct_cat&post=46261"},{"taxonomy":"product_tag","embeddable":true,"href":"https:\/\/www.csi.gov.mg\/centredoc\/index.php?rest_route=%2Fwp%2Fv2%2Fproduct_tag&post=46261"}],"curies":[{"name":"wp","href":"https:\/\/api.w.org\/{rel}","templated":true}]}}